{"id":13,"date":"2024-04-11T21:12:05","date_gmt":"2024-04-12T00:12:05","guid":{"rendered":"https:\/\/consultorio.med.br\/?page_id=13"},"modified":"2024-04-20T23:47:39","modified_gmt":"2024-04-21T02:47:39","slug":"contacts","status":"publish","type":"page","link":"https:\/\/consultorio.med.br\/?page_id=13","title":{"rendered":"Contato"},"content":{"rendered":"\n<div class=\"wp-block-group  pt-1 pb-2 is-layout-flow wp-block-group-is-layout-flow\">\n<h6 class=\"wp-block-heading has-text-align-center is-style-small-text\"><mark style=\"background-color:var(--colorMain)\" class=\"has-inline-color has-light-color\">Entre em contato agora:<\/mark><\/h6>\n\n\n\n<h2 class=\"wp-block-heading has-text-align-center has-huge-font-size\" style=\"margin-top:15px;margin-bottom:20px\">Estamos prontos a oferecer o que h\u00e1 de melhor na medicina.<\/h2>\n\n\n\n<p class=\"has-text-align-center has-normal-font-size\">Nosso Bot de Atendimento est\u00e1 dispon\u00edvel 24H.<\/p>\n\n\n\n<p class=\"has-text-align-center has-normal-font-size\">Tire suas d\u00favidas de Agendamento e quest\u00f5es mais frequentes com um assistente virtual que utiliza IA para te ajudar. <\/p>\n<\/div>\n\n\n\n<div class=\"wp-block-columns  cols-single-sm gap-30 pt-2 pb-4 is-layout-flex wp-container-core-columns-is-layout-9d6595d7 wp-block-columns-is-layout-flex\">\n<div class=\"wp-block-column is-layout-flow wp-block-column-is-layout-flow\">\n<figure class=\"wp-block-image aligncenter size-large is-resized mb-0\"><img decoding=\"async\" src=\"https:\/\/consultorio.med.br\/wp-content\/themes\/exs\/assets\/img\/mail-outline.png\" alt=\"\" class=\"wp-image-501\" style=\"width:38px;height:38px\"\/><\/figure>\n\n\n\n<h4 class=\"wp-block-heading has-text-align-center mt-05 mb-0\"><strong>E-mail<\/strong><\/h4>\n\n\n\n<p class=\"has-text-align-center mt-1\"><a href=\"mailto:contato@consultorio.med.br\" target=\"_blank\" rel=\"noreferrer noopener\">contato@consultorio.med.br<\/a><\/p>\n<\/div>\n\n\n\n<div class=\"wp-block-column is-layout-flow wp-block-column-is-layout-flow\">\n<figure class=\"wp-block-image aligncenter size-large is-resized mb-0\"><img decoding=\"async\" src=\"https:\/\/consultorio.med.br\/wp-content\/themes\/exs\/assets\/img\/call-outline.png\" alt=\"\" class=\"wp-image-524\" style=\"width:38px;height:38px\"\/><\/figure>\n\n\n\n<h4 class=\"wp-block-heading has-text-align-center mt-05 mb-0\"><strong>Telefone<\/strong><\/h4>\n\n\n\n<p class=\"has-text-align-center mt-1\">+55-11-4438-7596<br><\/p>\n<\/div>\n\n\n\n<div class=\"wp-block-column is-layout-flow wp-block-column-is-layout-flow\">\n<figure class=\"wp-block-image aligncenter size-large is-resized mb-0\"><img decoding=\"async\" src=\"https:\/\/consultorio.med.br\/wp-content\/themes\/exs\/assets\/img\/location-outline.png\" alt=\"\" class=\"wp-image-502\" style=\"width:38px;height:38px\"\/><\/figure>\n\n\n\n<h4 class=\"wp-block-heading has-text-align-center mt-05 mb-0\"><strong>Endere\u00e7o<\/strong><\/h4>\n\n\n\n<p class=\"has-text-align-center mt-1\">Almirante Prot\u00f3genes 289 Sala 77         Bairro Jardim &#8211; Santo Andr\u00e9 &#8211; SP.       CEP:09090-760    <\/p>\n<\/div>\n\n\n\n<div class=\"wp-block-column is-layout-flow wp-block-column-is-layout-flow\">\n<figure class=\"wp-block-image aligncenter size-large is-resized mb-0\"><img decoding=\"async\" src=\"https:\/\/consultorio.med.br\/wp-content\/themes\/exs\/assets\/img\/alarm-outline.png\" alt=\"\" class=\"wp-image-500\" style=\"width:38px;height:38px\"\/><\/figure>\n\n\n\n<h4 class=\"wp-block-heading has-text-align-center mt-05 mb-0\"><strong>Hor\u00e1rio<\/strong><\/h4>\n\n\n\n<p class=\"has-text-align-center mt-1\"><strong>Quinta-Feira:<\/strong> 17:30- 19:00<br><\/p>\n<\/div>\n<\/div>\n\n\n\n<div class=\"wp-block-group pt-6 pb-6 l m section is-layout-flow wp-block-group-is-layout-flow\">\n<div class=\"wp-block-media-text is-stacked-on-mobile\"><figure class=\"wp-block-media-text__media\"><img fetchpriority=\"high\" decoding=\"async\" width=\"1024\" height=\"718\" src=\"https:\/\/consultorio.med.br\/wp-content\/uploads\/2024\/04\/office-jardim-1-1024x718.png\" alt=\"Fachada do Pr\u00e9dio\noffice jardim\" class=\"wp-image-63 size-exs-square\" srcset=\"https:\/\/consultorio.med.br\/wp-content\/uploads\/2024\/04\/office-jardim-1-1024x718.png 1024w, https:\/\/consultorio.med.br\/wp-content\/uploads\/2024\/04\/office-jardim-1-300x210.png 300w, https:\/\/consultorio.med.br\/wp-content\/uploads\/2024\/04\/office-jardim-1-768x538.png 768w, https:\/\/consultorio.med.br\/wp-content\/uploads\/2024\/04\/office-jardim-1-1536x1076.png 1536w, https:\/\/consultorio.med.br\/wp-content\/uploads\/2024\/04\/office-jardim-1-2048x1435.png 2048w, https:\/\/consultorio.med.br\/wp-content\/uploads\/2024\/04\/office-jardim-1-1140x799.png 1140w\" sizes=\"(max-width: 1024px) 100vw, 1024px\" \/><\/figure><div class=\"wp-block-media-text__content\">\n<p class=\"is-style-small-text mb-05\"><mark style=\"background-color:var(--colorMain)\" class=\"has-inline-color has-light-color\">Sa\u00fade feminina <\/mark><\/p>\n\n\n\n<h2 class=\"wp-block-heading is-style-default mt-0 mb-05\">Veja como chegar:<\/h2>\n\n\n\n<p>F\u00e1cil acesso, localizado no bairro com melhor infraestrutura do ABC. <\/p>\n\n\n\n<iframe src=\"https:\/\/www.google.com\/maps\/embed?pb=!1m14!1m8!1m3!1d14618.801070905169!2d-46.5353558!3d-23.6509029!3m2!1i1024!2i768!4f13.1!3m3!1m2!1s0x94ce4294b45767d5%3A0x85cb897c9aa1ede5!2sOffice%20Jardim!5e0!3m2!1spt-BR!2sbr!4v1713061009197!5m2!1spt-BR!2sbr\" width=\"600\" height=\"450\" style=\"border:0;\" allowfullscreen=\"\" loading=\"lazy\" referrerpolicy=\"no-referrer-when-downgrade\"><\/iframe>\n<\/div><\/div>\n<\/div>\n\n\n\n<div class=\"wp-block-columns are-vertically-aligned-center pt-6 gap-60 is-layout-flex wp-container-core-columns-is-layout-9d6595d7 wp-block-columns-is-layout-flex\">\n<div class=\"wp-block-column is-vertically-aligned-center is-layout-flow wp-block-column-is-layout-flow\">\n<h3 class=\"wp-block-heading\">Consult\u00f3rio Sa\u00fade Feminina<\/h3>\n\n\n\n<p>Venha viver uma experi\u00eancia \u00fanica de sa\u00fade e bem-estar conosco!<\/p>\n\n\n\n<ul class=\"styled wp-block-list\">\n<li>F\u00e1cil acesso com estacionamento no local<\/li>\n\n\n\n<li>Alta tecnologia e humaniza\u00e7\u00e3o<\/li>\n\n\n\n<li>Praticidade no agendamento online<\/li>\n\n\n\n<li>Conveni\u00eancia na realiza\u00e7\u00e3o de v\u00e1rios exames no consult\u00f3rio<\/li>\n<\/ul>\n<\/div>\n\n\n\n<div class=\"wp-block-column is-vertically-aligned-center is-layout-flow wp-block-column-is-layout-flow\">\n<figure class=\"wp-block-image size-large\"><img decoding=\"async\" width=\"1024\" height=\"713\" src=\"https:\/\/consultorio.med.br\/wp-content\/uploads\/2024\/04\/office-jardim-1024x713.png\" alt=\"Fachada do Pr\u00e9dio Office Jardim\" class=\"wp-image-61\" srcset=\"https:\/\/consultorio.med.br\/wp-content\/uploads\/2024\/04\/office-jardim-1024x713.png 1024w, https:\/\/consultorio.med.br\/wp-content\/uploads\/2024\/04\/office-jardim-300x209.png 300w, https:\/\/consultorio.med.br\/wp-content\/uploads\/2024\/04\/office-jardim-768x535.png 768w, https:\/\/consultorio.med.br\/wp-content\/uploads\/2024\/04\/office-jardim-1536x1070.png 1536w, https:\/\/consultorio.med.br\/wp-content\/uploads\/2024\/04\/office-jardim-2048x1427.png 2048w, https:\/\/consultorio.med.br\/wp-content\/uploads\/2024\/04\/office-jardim-1140x794.png 1140w\" sizes=\"(max-width: 1024px) 100vw, 1024px\" \/><figcaption class=\"wp-element-caption\">Fachada do Pr\u00e9dio\nOffice Jardim<\/figcaption><\/figure>\n<\/div>\n<\/div>\n\n\n\n<div class=\"wp-block-buttons is-layout-flex wp-block-buttons-is-layout-flex\">\n<div class=\"wp-block-button\"><a class=\"wp-block-button__link wp-element-button\" href=\"https:\/\/consultorio.med.br\">P\u00e1gina Principal<\/a><\/div>\n<\/div>\n\n\n\n<div class=\"wp-block-contact-form-7-contact-form-selector\">\n<div class=\"wpcf7 no-js\" id=\"wpcf7-f151-o1\" lang=\"pt-BR\" dir=\"ltr\" data-wpcf7-id=\"151\">\n<div class=\"screen-reader-response\"><p role=\"status\" aria-live=\"polite\" aria-atomic=\"true\"><\/p> <ul><\/ul><\/div>\n<form action=\"\/index.php?rest_route=%2Fwp%2Fv2%2Fpages%2F13#wpcf7-f151-o1\" method=\"post\" class=\"wpcf7-form init\" aria-label=\"Formul\u00e1rios de contato\" novalidate=\"novalidate\" data-status=\"init\">\n<fieldset class=\"hidden-fields-container\"><input type=\"hidden\" name=\"_wpcf7\" value=\"151\" \/><input type=\"hidden\" name=\"_wpcf7_version\" value=\"6.1.5\" \/><input type=\"hidden\" name=\"_wpcf7_locale\" value=\"pt_BR\" \/><input type=\"hidden\" name=\"_wpcf7_unit_tag\" value=\"wpcf7-f151-o1\" \/><input type=\"hidden\" name=\"_wpcf7_container_post\" value=\"0\" \/><input type=\"hidden\" name=\"_wpcf7_posted_data_hash\" value=\"\" \/>\n<\/fieldset>\n<p><label> Seu nome<br \/>\n<span class=\"wpcf7-form-control-wrap\" data-name=\"your-name\"><input size=\"40\" maxlength=\"400\" class=\"wpcf7-form-control wpcf7-text wpcf7-validates-as-required\" autocomplete=\"name\" aria-required=\"true\" aria-invalid=\"false\" value=\"\" type=\"text\" name=\"your-name\" \/><\/span> <\/label>\n<\/p>\n<p><label> Telefone com WhatsApp<br \/>\n<span class=\"wpcf7-form-control-wrap\" data-name=\"Telefone\"><input size=\"40\" maxlength=\"400\" class=\"wpcf7-form-control wpcf7-tel wpcf7-validates-as-required wpcf7-text wpcf7-validates-as-tel\" aria-required=\"true\" aria-invalid=\"false\" value=\"\" type=\"tel\" name=\"Telefone\" \/><\/span> <\/label>\n<\/p>\n<p><label> Seu e-mail<br \/>\n<span class=\"wpcf7-form-control-wrap\" data-name=\"your-email\"><input size=\"40\" maxlength=\"400\" class=\"wpcf7-form-control wpcf7-email wpcf7-validates-as-required wpcf7-text wpcf7-validates-as-email\" autocomplete=\"email\" aria-required=\"true\" aria-invalid=\"false\" value=\"\" type=\"email\" name=\"your-email\" \/><\/span> <\/label>\n<\/p>\n<p><label> Assunto<br \/>\n<span class=\"wpcf7-form-control-wrap\" data-name=\"your-subject\"><input size=\"40\" maxlength=\"400\" class=\"wpcf7-form-control wpcf7-text wpcf7-validates-as-required\" aria-required=\"true\" aria-invalid=\"false\" value=\"\" type=\"text\" name=\"your-subject\" \/><\/span> <\/label>\n<\/p>\n<p><label> Se o nosso Bot n\u00e3o conseguiu te ajudar, deixe aqui uma mensagem que entraremos em contato (opcional)<br \/>\n<span class=\"wpcf7-form-control-wrap\" data-name=\"your-message\"><textarea cols=\"40\" rows=\"10\" maxlength=\"2000\" class=\"wpcf7-form-control wpcf7-textarea\" aria-invalid=\"false\" name=\"your-message\"><\/textarea><\/span> <\/label>\n<\/p>\n<p><input class=\"wpcf7-form-control wpcf7-submit has-spinner\" type=\"submit\" value=\"Enviar\" \/>\n<\/p><div class=\"wpcf7-response-output\" aria-hidden=\"true\"><\/div>\n<\/form>\n<\/div>\n<\/div>\n","protected":false},"excerpt":{"rendered":"<p>Entre em contato agora: Estamos prontos a oferecer o que h\u00e1 de melhor na medicina. Nosso Bot de Atendimento est\u00e1 dispon\u00edvel 24H. Tire suas d\u00favidas de Agendamento e quest\u00f5es mais frequentes com um assistente virtual que utiliza IA para te ajudar. E-mail contato@consultorio.med.br Telefone +55-11-4438-7596 Endere\u00e7o Almirante Prot\u00f3genes 289 Sala 77 Bairro Jardim &#8211; Santo Andr\u00e9 &#8211; SP. CEP:09090-760 Hor\u00e1rio<span class=\"more-dots\">&#8230;<\/span><\/p>\n","protected":false},"author":1,"featured_media":0,"parent":0,"menu_order":0,"comment_status":"closed","ping_status":"closed","template":"","meta":{"footnotes":""},"class_list":["post-13","page","type-page","status-publish","hentry","no-post-thumbnail"],"yoast_head":"<!-- This site is optimized with the Yoast SEO plugin v27.5 - https:\/\/yoast.com\/product\/yoast-seo-wordpress\/ -->\n<title>Contato - Consult\u00f3rio Sa\u00fade Feminina<\/title>\n<meta name=\"robots\" content=\"index, follow, max-snippet:-1, max-image-preview:large, max-video-preview:-1\" \/>\n<link rel=\"canonical\" href=\"https:\/\/consultorio.med.br\/?page_id=13\" \/>\n<meta property=\"og:locale\" content=\"pt_BR\" \/>\n<meta property=\"og:type\" content=\"article\" \/>\n<meta property=\"og:title\" content=\"Contato - Consult\u00f3rio Sa\u00fade Feminina\" \/>\n<meta property=\"og:description\" content=\"Entre em contato agora: Estamos prontos a oferecer o que h\u00e1 de melhor na medicina. Nosso Bot de Atendimento est\u00e1 dispon\u00edvel 24H. Tire suas d\u00favidas de Agendamento e quest\u00f5es mais frequentes com um assistente virtual que utiliza IA para te ajudar. E-mail contato@consultorio.med.br Telefone +55-11-4438-7596 Endere\u00e7o Almirante Prot\u00f3genes 289 Sala 77 Bairro Jardim &#8211; Santo Andr\u00e9 &#8211; SP. CEP:09090-760 Hor\u00e1rio...\" \/>\n<meta property=\"og:url\" content=\"https:\/\/consultorio.med.br\/?page_id=13\" \/>\n<meta property=\"og:site_name\" content=\"Consult\u00f3rio Sa\u00fade Feminina\" \/>\n<meta property=\"article:publisher\" content=\"https:\/\/www.facebook.com\/Consultorioconceito\" \/>\n<meta property=\"article:modified_time\" content=\"2024-04-21T02:47:39+00:00\" \/>\n<meta name=\"twitter:card\" content=\"summary_large_image\" \/>\n<meta name=\"twitter:label1\" content=\"Est. tempo de leitura\" \/>\n\t<meta name=\"twitter:data1\" content=\"1 minuto\" \/>\n<script type=\"application\/ld+json\" class=\"yoast-schema-graph\">{\"@context\":\"https:\\\/\\\/schema.org\",\"@graph\":[{\"@type\":\"WebPage\",\"@id\":\"https:\\\/\\\/consultorio.med.br\\\/?page_id=13\",\"url\":\"https:\\\/\\\/consultorio.med.br\\\/?page_id=13\",\"name\":\"Contato - Consult\u00f3rio Sa\u00fade Feminina\",\"isPartOf\":{\"@id\":\"https:\\\/\\\/consultorio.med.br\\\/#website\"},\"primaryImageOfPage\":{\"@id\":\"https:\\\/\\\/consultorio.med.br\\\/?page_id=13#primaryimage\"},\"image\":{\"@id\":\"https:\\\/\\\/consultorio.med.br\\\/?page_id=13#primaryimage\"},\"thumbnailUrl\":\"https:\\\/\\\/consultorio.med.br\\\/wp-content\\\/themes\\\/exs\\\/assets\\\/img\\\/mail-outline.png\",\"datePublished\":\"2024-04-12T00:12:05+00:00\",\"dateModified\":\"2024-04-21T02:47:39+00:00\",\"breadcrumb\":{\"@id\":\"https:\\\/\\\/consultorio.med.br\\\/?page_id=13#breadcrumb\"},\"inLanguage\":\"pt-BR\",\"potentialAction\":[{\"@type\":\"ReadAction\",\"target\":[\"https:\\\/\\\/consultorio.med.br\\\/?page_id=13\"]}]},{\"@type\":\"ImageObject\",\"inLanguage\":\"pt-BR\",\"@id\":\"https:\\\/\\\/consultorio.med.br\\\/?page_id=13#primaryimage\",\"url\":\"\",\"contentUrl\":\"\"},{\"@type\":\"BreadcrumbList\",\"@id\":\"https:\\\/\\\/consultorio.med.br\\\/?page_id=13#breadcrumb\",\"itemListElement\":[{\"@type\":\"ListItem\",\"position\":1,\"name\":\"In\u00edcio\",\"item\":\"https:\\\/\\\/consultorio.med.br\\\/\"},{\"@type\":\"ListItem\",\"position\":2,\"name\":\"Contato\"}]},{\"@type\":\"WebSite\",\"@id\":\"https:\\\/\\\/consultorio.med.br\\\/#website\",\"url\":\"https:\\\/\\\/consultorio.med.br\\\/\",\"name\":\"Consult\u00f3rio Sa\u00fade Feminina\",\"description\":\"Dr. Anderson Moura\",\"publisher\":{\"@id\":\"https:\\\/\\\/consultorio.med.br\\\/#organization\"},\"potentialAction\":[{\"@type\":\"SearchAction\",\"target\":{\"@type\":\"EntryPoint\",\"urlTemplate\":\"https:\\\/\\\/consultorio.med.br\\\/?s={search_term_string}\"},\"query-input\":{\"@type\":\"PropertyValueSpecification\",\"valueRequired\":true,\"valueName\":\"search_term_string\"}}],\"inLanguage\":\"pt-BR\"},{\"@type\":\"Organization\",\"@id\":\"https:\\\/\\\/consultorio.med.br\\\/#organization\",\"name\":\"Consult\u00f3rio Sa\u00fade Feminina\",\"url\":\"https:\\\/\\\/consultorio.med.br\\\/\",\"logo\":{\"@type\":\"ImageObject\",\"inLanguage\":\"pt-BR\",\"@id\":\"https:\\\/\\\/consultorio.med.br\\\/#\\\/schema\\\/logo\\\/image\\\/\",\"url\":\"https:\\\/\\\/consultorio.med.br\\\/wp-content\\\/uploads\\\/2024\\\/04\\\/cropped-cropped-logo_consultorio-1.png\",\"contentUrl\":\"https:\\\/\\\/consultorio.med.br\\\/wp-content\\\/uploads\\\/2024\\\/04\\\/cropped-cropped-logo_consultorio-1.png\",\"width\":1280,\"height\":375,\"caption\":\"Consult\u00f3rio Sa\u00fade Feminina\"},\"image\":{\"@id\":\"https:\\\/\\\/consultorio.med.br\\\/#\\\/schema\\\/logo\\\/image\\\/\"},\"sameAs\":[\"https:\\\/\\\/www.facebook.com\\\/Consultorioconceito\",\"https:\\\/\\\/www.youtube.com\\\/channel\\\/UC0UEFU_zlXa8v6XiLLA7cWA\",\"https:\\\/\\\/www.tiktok.com\\\/@saudefeminina_abc\",\"https:\\\/\\\/www.instagram.com\\\/saudefeminina_abc\\\/\"]}]}<\/script>\n<!-- \/ Yoast SEO plugin. -->","yoast_head_json":{"title":"Contato - Consult\u00f3rio Sa\u00fade Feminina","robots":{"index":"index","follow":"follow","max-snippet":"max-snippet:-1","max-image-preview":"max-image-preview:large","max-video-preview":"max-video-preview:-1"},"canonical":"https:\/\/consultorio.med.br\/?page_id=13","og_locale":"pt_BR","og_type":"article","og_title":"Contato - Consult\u00f3rio Sa\u00fade Feminina","og_description":"Entre em contato agora: Estamos prontos a oferecer o que h\u00e1 de melhor na medicina. Nosso Bot de Atendimento est\u00e1 dispon\u00edvel 24H. Tire suas d\u00favidas de Agendamento e quest\u00f5es mais frequentes com um assistente virtual que utiliza IA para te ajudar. E-mail contato@consultorio.med.br Telefone +55-11-4438-7596 Endere\u00e7o Almirante Prot\u00f3genes 289 Sala 77 Bairro Jardim &#8211; Santo Andr\u00e9 &#8211; SP. CEP:09090-760 Hor\u00e1rio...","og_url":"https:\/\/consultorio.med.br\/?page_id=13","og_site_name":"Consult\u00f3rio Sa\u00fade Feminina","article_publisher":"https:\/\/www.facebook.com\/Consultorioconceito","article_modified_time":"2024-04-21T02:47:39+00:00","twitter_card":"summary_large_image","twitter_misc":{"Est. tempo de leitura":"1 minuto"},"schema":{"@context":"https:\/\/schema.org","@graph":[{"@type":"WebPage","@id":"https:\/\/consultorio.med.br\/?page_id=13","url":"https:\/\/consultorio.med.br\/?page_id=13","name":"Contato - Consult\u00f3rio Sa\u00fade Feminina","isPartOf":{"@id":"https:\/\/consultorio.med.br\/#website"},"primaryImageOfPage":{"@id":"https:\/\/consultorio.med.br\/?page_id=13#primaryimage"},"image":{"@id":"https:\/\/consultorio.med.br\/?page_id=13#primaryimage"},"thumbnailUrl":"https:\/\/consultorio.med.br\/wp-content\/themes\/exs\/assets\/img\/mail-outline.png","datePublished":"2024-04-12T00:12:05+00:00","dateModified":"2024-04-21T02:47:39+00:00","breadcrumb":{"@id":"https:\/\/consultorio.med.br\/?page_id=13#breadcrumb"},"inLanguage":"pt-BR","potentialAction":[{"@type":"ReadAction","target":["https:\/\/consultorio.med.br\/?page_id=13"]}]},{"@type":"ImageObject","inLanguage":"pt-BR","@id":"https:\/\/consultorio.med.br\/?page_id=13#primaryimage","url":"","contentUrl":""},{"@type":"BreadcrumbList","@id":"https:\/\/consultorio.med.br\/?page_id=13#breadcrumb","itemListElement":[{"@type":"ListItem","position":1,"name":"In\u00edcio","item":"https:\/\/consultorio.med.br\/"},{"@type":"ListItem","position":2,"name":"Contato"}]},{"@type":"WebSite","@id":"https:\/\/consultorio.med.br\/#website","url":"https:\/\/consultorio.med.br\/","name":"Consult\u00f3rio Sa\u00fade Feminina","description":"Dr. Anderson Moura","publisher":{"@id":"https:\/\/consultorio.med.br\/#organization"},"potentialAction":[{"@type":"SearchAction","target":{"@type":"EntryPoint","urlTemplate":"https:\/\/consultorio.med.br\/?s={search_term_string}"},"query-input":{"@type":"PropertyValueSpecification","valueRequired":true,"valueName":"search_term_string"}}],"inLanguage":"pt-BR"},{"@type":"Organization","@id":"https:\/\/consultorio.med.br\/#organization","name":"Consult\u00f3rio Sa\u00fade Feminina","url":"https:\/\/consultorio.med.br\/","logo":{"@type":"ImageObject","inLanguage":"pt-BR","@id":"https:\/\/consultorio.med.br\/#\/schema\/logo\/image\/","url":"https:\/\/consultorio.med.br\/wp-content\/uploads\/2024\/04\/cropped-cropped-logo_consultorio-1.png","contentUrl":"https:\/\/consultorio.med.br\/wp-content\/uploads\/2024\/04\/cropped-cropped-logo_consultorio-1.png","width":1280,"height":375,"caption":"Consult\u00f3rio Sa\u00fade Feminina"},"image":{"@id":"https:\/\/consultorio.med.br\/#\/schema\/logo\/image\/"},"sameAs":["https:\/\/www.facebook.com\/Consultorioconceito","https:\/\/www.youtube.com\/channel\/UC0UEFU_zlXa8v6XiLLA7cWA","https:\/\/www.tiktok.com\/@saudefeminina_abc","https:\/\/www.instagram.com\/saudefeminina_abc\/"]}]}},"_links":{"self":[{"href":"https:\/\/consultorio.med.br\/index.php?rest_route=\/wp\/v2\/pages\/13","targetHints":{"allow":["GET"]}}],"collection":[{"href":"https:\/\/consultorio.med.br\/index.php?rest_route=\/wp\/v2\/pages"}],"about":[{"href":"https:\/\/consultorio.med.br\/index.php?rest_route=\/wp\/v2\/types\/page"}],"author":[{"embeddable":true,"href":"https:\/\/consultorio.med.br\/index.php?rest_route=\/wp\/v2\/users\/1"}],"replies":[{"embeddable":true,"href":"https:\/\/consultorio.med.br\/index.php?rest_route=%2Fwp%2Fv2%2Fcomments&post=13"}],"version-history":[{"count":6,"href":"https:\/\/consultorio.med.br\/index.php?rest_route=\/wp\/v2\/pages\/13\/revisions"}],"predecessor-version":[{"id":153,"href":"https:\/\/consultorio.med.br\/index.php?rest_route=\/wp\/v2\/pages\/13\/revisions\/153"}],"wp:attachment":[{"href":"https:\/\/consultorio.med.br\/index.php?rest_route=%2Fwp%2Fv2%2Fmedia&parent=13"}],"curies":[{"name":"wp","href":"https:\/\/api.w.org\/{rel}","templated":true}]}}